{"id":8383,"date":"2022-11-15T03:43:13","date_gmt":"2022-11-15T03:43:13","guid":{"rendered":"http:\/\/soindus.srtv.cl\/?post_type=product&#038;p=8383"},"modified":"2023-01-06T13:46:13","modified_gmt":"2023-01-06T13:46:13","slug":"idm-sap-peru","status":"publish","type":"product","link":"https:\/\/soindus.pe\/index.php\/producto\/idm-sap-peru\/","title":{"rendered":"IDM SAP Per\u00fa"},"content":{"rendered":"<div class=\"w-post-elm post_content without_sections\">\n<h4>\u00bfQu\u00e9 es la Recepci\u00f3n de Documentos Electr\u00f3nicos?<\/h4>\n<hr \/>\n<p>Nuestro innovador producto otorga a su empresa la r\u00e1pida implementaci\u00f3n de una beneficiosa herramienta 100% en SAP. La Recepci\u00f3n de Documentos Electr\u00f3nicos, es una soluci\u00f3n inmediata a la actualmente tediosa recepci\u00f3n y administraci\u00f3n de los documentos electr\u00f3nicos de proveedores de su empresa, la cual simplifica el proceso mediante un monitor integrado a su Empresa Proveedora de Soluciones de Facturaci\u00f3n Electr\u00f3nica (DTE).<\/p>\n<p><img decoding=\"async\" style=\"width: 100%;\" src=\"\/wp-content\/uploads\/2022\/11\/Imagen2112.png\" \/><\/p>\n<table id=\"tablamonitor2\">\n<tbody>\n<tr>\n<td><b>VENTAJAS<\/b><\/p>\n<ul>\n<li>Procesamiento masivo de documentos.<\/li>\n<li>Automatizaci\u00f3n de procesos (contabilizaci\u00f3n aceptaci\u00f3n y rechazos).<\/li>\n<li>Consolidaci\u00f3n de plataformas.<\/li>\n<li>Log de trazabilidad.<\/li>\n<li>Validaciones del negocio.<\/li>\n<li>Soluci\u00f3n escalable.<\/li>\n<\/ul>\n<\/td>\n<td><b>BENEFICIOS<\/b><\/p>\n<ul>\n<li>Costo de operaci\u00f3n.<\/li>\n<li>Riesgos y duraci\u00f3n de implementaci\u00f3n.<\/li>\n<li>Digitaci\u00f3n.<\/li>\n<li>Menores tiempos en los procesos de contabilizaci\u00f3n.<\/li>\n<li>Errores contables.<\/li>\n<\/ul>\n<\/td>\n<\/tr>\n<\/tbody>\n<\/table>\n<\/div>\n","protected":false},"excerpt":{"rendered":"<p>\u00bfQu\u00e9 es la Recepci\u00f3n de Documentos Electr\u00f3nicos? Nuestro innovador producto otorga a su empresa la r\u00e1pida implementaci\u00f3n de una beneficiosa herramienta 100% en SAP. La Recepci\u00f3n de Documentos Electr\u00f3nicos, es una soluci\u00f3n inmediata a la actualmente tediosa recepci\u00f3n y administraci\u00f3n de los documentos electr\u00f3nicos de proveedores de su empresa, la cual simplifica el proceso mediante&#8230;<\/p>\n","protected":false},"featured_media":8384,"template":"","meta":{"om_disable_all_campaigns":false,"_mi_skip_tracking":false},"product_cat":[15],"product_tag":[],"class_list":["post-8383","product","type-product","status-publish","has-post-thumbnail","hentry","product_cat-productos"],"aioseo_notices":[],"acf":[],"_links":{"self":[{"href":"https:\/\/soindus.pe\/index.php\/wp-json\/wp\/v2\/product\/8383","targetHints":{"allow":["GET"]}}],"collection":[{"href":"https:\/\/soindus.pe\/index.php\/wp-json\/wp\/v2\/product"}],"about":[{"href":"https:\/\/soindus.pe\/index.php\/wp-json\/wp\/v2\/types\/product"}],"wp:featuredmedia":[{"embeddable":true,"href":"https:\/\/soindus.pe\/index.php\/wp-json\/wp\/v2\/media\/8384"}],"wp:attachment":[{"href":"https:\/\/soindus.pe\/index.php\/wp-json\/wp\/v2\/media?parent=8383"}],"wp:term":[{"taxonomy":"product_cat","embeddable":true,"href":"https:\/\/soindus.pe\/index.php\/wp-json\/wp\/v2\/product_cat?post=8383"},{"taxonomy":"product_tag","embeddable":true,"href":"https:\/\/soindus.pe\/index.php\/wp-json\/wp\/v2\/product_tag?post=8383"}],"curies":[{"name":"wp","href":"https:\/\/api.w.org\/{rel}","templated":true}]}}