{"id":8183,"date":"2022-11-04T17:02:22","date_gmt":"2022-11-04T17:02:22","guid":{"rendered":"http:\/\/soindus.srtv.cl\/?post_type=product&#038;p=8183"},"modified":"2023-01-06T13:49:33","modified_gmt":"2023-01-06T13:49:33","slug":"control-de-modificaciones-peru","status":"publish","type":"product","link":"https:\/\/soindus.pe\/index.php\/producto\/control-de-modificaciones-peru\/","title":{"rendered":"Control de modificaciones Per\u00fa"},"content":{"rendered":"<p>Implementaci\u00f3n de CHARM en SAP Solution Manager, mant\u00e9n el control en tus desarrollos y modificaciones<\/p>\n","protected":false},"excerpt":{"rendered":"<p>Implementaci\u00f3n de CHARM en SAP Solution Manager, mant\u00e9n el control en tus desarrollos y modificaciones<\/p>\n","protected":false},"featured_media":8184,"template":"","meta":{"om_disable_all_campaigns":false,"_mi_skip_tracking":false},"product_cat":[72],"product_tag":[],"class_list":["post-8183","product","type-product","status-publish","has-post-thumbnail","hentry","product_cat-consultoria-basis-sap-peru"],"aioseo_notices":[],"acf":[],"_links":{"self":[{"href":"https:\/\/soindus.pe\/index.php\/wp-json\/wp\/v2\/product\/8183","targetHints":{"allow":["GET"]}}],"collection":[{"href":"https:\/\/soindus.pe\/index.php\/wp-json\/wp\/v2\/product"}],"about":[{"href":"https:\/\/soindus.pe\/index.php\/wp-json\/wp\/v2\/types\/product"}],"wp:featuredmedia":[{"embeddable":true,"href":"https:\/\/soindus.pe\/index.php\/wp-json\/wp\/v2\/media\/8184"}],"wp:attachment":[{"href":"https:\/\/soindus.pe\/index.php\/wp-json\/wp\/v2\/media?parent=8183"}],"wp:term":[{"taxonomy":"product_cat","embeddable":true,"href":"https:\/\/soindus.pe\/index.php\/wp-json\/wp\/v2\/product_cat?post=8183"},{"taxonomy":"product_tag","embeddable":true,"href":"https:\/\/soindus.pe\/index.php\/wp-json\/wp\/v2\/product_tag?post=8183"}],"curies":[{"name":"wp","href":"https:\/\/api.w.org\/{rel}","templated":true}]}}