{"id":8134,"date":"2022-11-04T16:40:00","date_gmt":"2022-11-04T16:40:00","guid":{"rendered":"http:\/\/soindus.srtv.cl\/?post_type=product&#038;p=8134"},"modified":"2023-01-06T14:07:48","modified_gmt":"2023-01-06T14:07:48","slug":"implementacion-factura-y-boleta-electronica-en-sap-peru","status":"publish","type":"product","link":"https:\/\/soindus.pe\/index.php\/producto\/implementacion-factura-y-boleta-electronica-en-sap-peru\/","title":{"rendered":"Implementaci\u00f3n Factura y Boleta Electr\u00f3nica en SAP Per\u00fa"},"content":{"rendered":"<div class=\"itemIntroText\">\u201cPara dar soluci\u00f3n al requerimiento solicitado por el cliente. se considera las siguientes actividades:<br \/>\n<b style=\"color: #2f5496;\">1. Emisi\u00f3n de documentos electr\u00f3nicos (Nacionales y de Exportaci\u00f3n).<\/b><\/p>\n<ul style=\"list-style: lower-alpha;\">\n<li>Revisi\u00f3n y creaci\u00f3n de flujo documentos de ventas y anulaci\u00f3n.<\/li>\n<li>Creaci\u00f3n de integraci\u00f3n y habilitaci\u00f3n de clases de mensajes de emisi\u00f3n.<\/li>\n<li>Rutina creaci\u00f3n de flujo SD Nota de Cr\u00e9dito en SAP asociada a Documento de Origen.<\/li>\n<li>Pruebas y documentaci\u00f3n.<\/li>\n<\/ul>\n<p><b style=\"color: #2f5496;\">2. Monitor de emisi\u00f3n en SAP de documentos electr\u00f3nicos.<\/b><\/p>\n<ul style=\"list-style: lower-alpha;\">\n<li>Seguimiento los documentos emitidos desde SAP hacia el SII.<\/li>\n<li>Sem\u00e1foros de estados dependiendo del cumplimiento del documento.<\/li>\n<li>Se adjunta imagen referencial<\/li>\n<\/ul>\n<p><b style=\"color: #2f5496;\">Consideraciones del alcance.<\/b><\/p>\n<ul>\n<li>Lo descrito en el punto anterior.<\/li>\n<li>Se vende soluci\u00f3n End to End o llave en mano, es decir, esta todo el proyecto incluido para la sociedad o sociedades que el cliente posee en el valor de la propuesta.<\/li>\n<li>Considera desarrollos en SAP para el env\u00edo de informaci\u00f3n<\/li>\n<li>Apoyo en el proceso de integraci\u00f3n con el ERP, para el CLIENTE. (proyectos de implementaci\u00f3n ya realizados con parnerts electr\u00f3nicos<\/li>\n<li>Tales como : DBNET, AZURIAN, PAPERLESS, FACELE, FEBOS, ARTIKOS, SIGNATURE, ACEPTA, OTROS)<\/li>\n<\/ul>\n<p><b style=\"color: #2f5496;\">Entregables de la propuesta o producto.<\/b><\/p>\n<p>Manual de usuario y pruebas unitarias<br \/>\nDocumentaci\u00f3n T\u00e9cnica<\/p>\n<p><b style=\"color: #2f5496;\">OPCIONAL<\/b><br \/>\nPuede incluir dentro del alcance por un monto preferencial nuestro producto para recepci\u00f3n\u201d<\/p>\n<p><center><br \/>\n<img decoding=\"async\" src=\"\/wp-content\/uploads\/2022\/11\/imple.jpg\" \/><\/center><\/div>\n","protected":false},"excerpt":{"rendered":"<p>\u201cPara dar soluci\u00f3n al requerimiento solicitado por el cliente. se considera las siguientes actividades: 1. Emisi\u00f3n de documentos electr\u00f3nicos (Nacionales y de Exportaci\u00f3n). Revisi\u00f3n y creaci\u00f3n de flujo documentos de ventas y anulaci\u00f3n. Creaci\u00f3n de integraci\u00f3n y habilitaci\u00f3n de clases de mensajes de emisi\u00f3n. Rutina creaci\u00f3n de flujo SD Nota de Cr\u00e9dito en SAP asociada&#8230;<\/p>\n","protected":false},"featured_media":8136,"template":"","meta":{"om_disable_all_campaigns":false,"_mi_skip_tracking":false},"product_cat":[70],"product_tag":[],"class_list":["post-8134","product","type-product","status-publish","has-post-thumbnail","hentry","product_cat-servicios-de-consultoria-sap-peru"],"aioseo_notices":[],"acf":[],"_links":{"self":[{"href":"https:\/\/soindus.pe\/index.php\/wp-json\/wp\/v2\/product\/8134","targetHints":{"allow":["GET"]}}],"collection":[{"href":"https:\/\/soindus.pe\/index.php\/wp-json\/wp\/v2\/product"}],"about":[{"href":"https:\/\/soindus.pe\/index.php\/wp-json\/wp\/v2\/types\/product"}],"wp:featuredmedia":[{"embeddable":true,"href":"https:\/\/soindus.pe\/index.php\/wp-json\/wp\/v2\/media\/8136"}],"wp:attachment":[{"href":"https:\/\/soindus.pe\/index.php\/wp-json\/wp\/v2\/media?parent=8134"}],"wp:term":[{"taxonomy":"product_cat","embeddable":true,"href":"https:\/\/soindus.pe\/index.php\/wp-json\/wp\/v2\/product_cat?post=8134"},{"taxonomy":"product_tag","embeddable":true,"href":"https:\/\/soindus.pe\/index.php\/wp-json\/wp\/v2\/product_tag?post=8134"}],"curies":[{"name":"wp","href":"https:\/\/api.w.org\/{rel}","templated":true}]}}